89469477?
False
Is 151574853 a multiple of 4?
False
Does 501 divide 6006489?
True
Is 1641 a factor of 1576710543?
True
Does 1352 divide 19628336?
True
Is 4832 a factor of 1180273984?
True
Is 117487757 a multiple of 3?
False
Does 2 divide 6542097?
False
Is 2077 a factor of 938602554?
False
Is 267 a factor of 1107647741?
False
Is 10787673 a multiple of 53?
True
Does 14 divide 111114556?
True
Is 1531079088 a multiple of 66?
True
Is 217793738 a multiple of 1632?
False
Is 95 a factor of 402636347?
False
Is 14 a factor of 943420254?
True
Is 66 a factor of 82627405?
False
Is 44204979 a multiple of 91?
True
Is 560 a factor of 9323440?
True
Is 41894190 a multiple of 133?
False
Does 19 divide 9063786?
False
Is 684 a factor of 3020712948?
True
Is 10878296 a multiple of 1144?
True
Is 4191868876 a multiple of 10?
False
Does 8 divide 115973160?
True
Is 7990840 a multiple of 75?
False
Is 1153 a factor of 18935982?
False
Is 2 a factor of 238762924?
True
Does 136 divide 396468416?
False
Does 31 divide 149482186?
True
Is 13767722 a multiple of 17?
True
Is 127662860 a multiple of 4420?
True
Does 653 divide 656652882?
True
Is 1646 a factor of 14560516?
True
Is 12250355 a multiple of 3069?
False
Is 897873974 a multiple of 5?
False
Is 10283406 a multiple of 163?
False
Does 8 divide 20669800?
True
Is 3468 a factor of 179450261?
False
Does 913 divide 76782155?
False
Is 73255370 a multiple of 36?
False
Is 305500232 a multiple of 454?
True
Does 4135 divide 280379179?
False
Does 4 divide 29471811?
False
Is 24845652 a multiple of 113?
False
Does 205 divide 19695170?
True
Is 4777514 a multiple of 106?
False
Is 959 a factor of 161157758?
False
Is 181 a factor of 155575612?
False
Is 445320036 a multiple of 1270?
False
Does 782 divide 9750326?
False
Does 134 divide 19662832?
False
Is 4 a factor of 284936384?
True
Is 141952016 a multiple of 31?
False
Is 33 a factor of 320710154?
False
Does 1541 divide 30030400?
False
Does 3 divide 45153310?
False
Does 18 divide 14820552?
True
Does 212 divide 467156840?
True
Is 94 a factor of 1404924?
True
Is 92174235 a multiple of 2311?
True
Is 6444981 a multiple of 4?
False
Is 2464 a factor of 32152375?
False
Is 288102147 a multiple of 21?
False
Is 1828 a factor of 418353013?
False
Does 47 divide 2624751?
False
Is 11 a factor of 42828651?
False
Is 67 a factor of 341442135?
False
Does 43 divide 2140846074?
True
Does 17 divide 135684208?
True
Is 286 a factor of 302485326?
True
Does 33 divide 153607110?
False
Is 45 a factor of 111727904?
False
Is 1067 a factor of 66996930?
True
Is 765 a factor of 68342017?
False
Is 777 a factor of 776277500?
False
Is 7 a factor of 25122375?
False
Does 816 divide 118405680?
True
Is 30 a factor of 16697567?
False
Is 74366346 a multiple of 6?
True
Does 90 divide 88203510?
True
Is 4956226412 a multiple of 3529?
True
Is 11 a factor of 32072755?
True
Does 5 divide 77209828?
False
Is 30843564 a multiple of 15?
False
Does 3794 divide 67544582?
True
Is 715 a factor of 25626837?
False
Is 1393 a factor of 65515576?
True
Does 816 divide 152381446?
False
Is 196795902 a multiple of 233?
False
Does 367 divide 629995870?
True
Does 2024 divide 64490712?
True
Is 19551768 a multiple of 692?
True
Is 96336632 a multiple of 56?
True
Is 461167070 a multiple of 954?
False
Does 475 divide 5504356959?
False
Is 616205886 a multiple of 58?
False
Does 561 divide 144529483?
False
Does 314 divide 70100635?
False
Does 157 divide 52615427?
False
Does 13 divide 4625270?
True
Is 188943822 a multiple of 279?
True
Is 571 a factor of 166739994?
True
Is 127463600 a multiple of 6490?
True
Does 56 divide 3802288?
True
Is 64179178 a multiple of 213?
False
Does 76 divide 210396624?
False
Is 533216634 a multiple of 2?
True
Is 11 a factor of 131321960?
True
Is 62544010 a multiple of 888?
False
Does 212 divide 743760024?
True
Is 63406657 a multiple of 2264?
False
Does 210 divide 711564000?
True
Is 3571 a factor of 1500405644?
True
Is 141570521 a multiple of 388?
False
Is 1991 a factor of 1513510416?
True
Does 1946 divide 2496612916?
True
Is 209368817 a multiple of 27?
False
Is 13633950 a multiple of 11?
True
Does 116 divide 10476076?
True
Is 84333704 a multiple of 213?
False
Does 961 divide 165773461?
True
Is 24303339 a multiple of 531?
True
Is 29883280 a multiple of 80?
True
Is 23446315 a multiple of 335?
True
Is 82123314 a multiple of 98?
True
Is 3760 a factor of 37987088?
False
Does 81 divide 346079628?
True
Is 197 a factor of 871017420?
False
Does 4 divide 53034764?
True
Is 2176240128 a multiple of 48?
True
Is 100 a factor of 143319618?
False
Does 12 divide 8922132?
True
Is 60298631 a multiple of 1005?
False
Is 1535 a factor of 84963785?
True
Does 43 divide 40420634?
False
Is 2823053261 a multiple of 2216?
False
Is 1808 a factor of 735239125?
False
Does 22 divide 70425987?
False
Is 1497 a factor of 9600261?
True
Does 11 divide 7079234?
False
Is 242483496 a multiple of 37?
True
Is 500 a factor of 133513954?
False
Does 7 divide 1851129?
True
Is 91713754 a multiple of 1447?
True
Is 1360 a factor of 11780320?
True
Is 661333791 a multiple of 83?
True
Is 13516584 a multiple of 14?
False
Does 1195 divide 318665870?
True
Is 2863 a factor of 3028060539?
True
Is 1721240782 a multiple of 1860?
False
Is 2979 a factor of 43746888?
False
Is 747279875 a multiple of 125?
True
Does 4 divide 26408275?
False
Is 3 a factor of 89212173?
True
Is 9 a factor of 78839937?
True
Is 138 a factor of 121220993?
False
Is 11914973 a multiple of 2?
False
Is 58309400 a multiple of 25?
True
Is 203 a factor of 82671547?
True
Does 330 divide 59457887?
False
Does 42 divide 2763726?
True
Is 46201158 a multiple of 69?
True
Is 214 a factor of 153871865?
False
Is 48 a factor of 991196784?
True
Is 394481192 a multiple of 119?
True
Is 2518059925 a multiple of 72?
False
Is 3340864 a multiple of 379?
False
Is 6340854 a multiple of 26?
True
Is 883 a factor of 13070489?
False
Is 26066980 a multiple of 51?
False
Is 691 a factor of 29332030?
False
Does 3162 divide 68482596?
True
Is 159 a factor of 22656672?
False
Does 860 divide 1322307894?
False
Does 492 divide 502163603?
False
Does 14 divide 88262272?
True
Is 506 a factor of 231956978?
True
Does 19 divide 1647647434?
True
Is 61213212 a multiple of 1311?
True
Does 921 divide 19474545?
True
Is 8 a factor of 581473394?
False
Is 4473790 a multiple of 305?
False
Is 17812516 a multiple of 15?
False
Is 17242663 a multiple of 54?
False
Is 233561 a multiple of 26?
False
Is 18 a factor of 167952130?
False
Is 22569270 a multiple of 88?
False
Does 3430 divide 399589873?
False
Does 8 divide 280932976?
True
Is 94021003 a multiple of 129?
False
Is 25 a factor of 3881359475?
True
Does 6 divide 382271710?
False
Is 12 a factor of 29696516?
False
Is 30 a factor of 617783430?
True
Is 1516799703 a multiple of 1316?
False
Is 6172798841 a multiple of 116?
False
Does 37 divide 23747081?
True
Does 185 divide 15181447?
False
Does 11 divide 1929769259?
True
Is 17 a factor of 101036899?
True
Is 109 a factor of 2248888?
True
Does 553 divide 41356105?
True
Does 8 divide 206661576?
True
Is 1667 a factor of 8777431?
False
Is 239 a factor of 142922?
True
Is 17 a factor of 2511393160?
False
Does 7 divide 9888235?
True
Is 17 a factor of 19556086?
True
Is 16613993 a multiple of 35?
False
Is 62 a factor of 7379039?
False
Is 27 a factor of 413991969?
False
Is 22089240 a multiple of 1344?
False
Is 521328840 a multiple of 275?
False
Is 5664125 a multiple of 25?
True
Does 1605 divide 178866015?
True
Is 31 a factor of 38896726?
False
Is 342929643 a multiple of 21?
True
Is 69 a factor of 132377880?
True
Is 12735557 a multiple of 11?
False
Is 725091696 a multiple of 42?
True
Is 43756066 a multiple of 4?
False
Does 208 divide 20169552?
True
Is 1490234 a multiple of 3?
False
Is 1329 a factor of 4572944537?
False
Does 8 divide 3625952?
True
Is 1686799455 a multiple of 3061?
False
Is 44 a factor of 20041197?
False
Is 16 a factor of 264949?
False
Is 11 a factor of 12737533?
False
Is 5 a factor of 16036291?
False
Is 17206297 a multiple of 2057?
False
Is 1439670 a multiple of 10?
True
Is 1062 a factor of 11685186?
True
Does 11708 divide 1267307897?
False
Does 22 divide 2581901608?
True
Is 679 a factor of 917751338?
True
Is 1068 a factor of 225019056?
True
Is 10 a factor of 66967716?
False
Is 31